194149
List the prime factors of 3488441.
11, 307, 1033
List the prime factors of 833585.
5, 293, 569
List the prime factors of 48620.
2, 5, 11, 13, 17
What are the prime factors of 23185565?
5, 13, 356701
List the prime factors of 27694668.
2, 3, 23, 100343
List the prime factors of 2118515.
5, 7, 8647
What are the prime factors of 172696?
2, 21587
What are the prime factors of 203547?
3, 19, 3571
List the prime factors of 12281392.
2, 767587
What are the prime factors of 2751579?
3, 37, 8263
List the prime factors of 23434888.
2, 1559, 1879
List the prime factors of 2613453.
3, 191, 4561
List the prime factors of 3086646.
2, 3, 23, 22367
List the prime factors of 765941.
11, 179, 389
List the prime factors of 13714190.
2, 5, 7, 107, 1831
List the prime factors of 140370.
2, 3, 5, 4679
What are the prime factors of 463103?
463103
What are the prime factors of 1042526?
2, 383, 1361
What are the prime factors of 13165999?
7, 11, 163, 1049
List the prime factors of 87578.
2, 43789
List the prime factors of 127015.
5, 7, 19, 191
What are the prime factors of 2887733?
29, 99577
List the prime factors of 10513328.
2, 7, 37, 43, 59
List the prime factors of 96615.
3, 5, 19, 113
List the prime factors of 249559.
479, 521
What are the prime factors of 2298150?
2, 3, 5, 5107
List the prime factors of 7101865.
5, 1420373
List the prime factors of 25683286.
2, 12841643
List the prime factors of 10744876.
2, 2686219
List the prime factors of 26354303.
53, 347, 1433
What are the prime factors of 986033?
23, 43, 997
What are the prime factors of 127998?
2, 3, 13, 547
List the prime factors of 233852.
2, 17, 19, 181
What are the prime factors of 36256?
2, 11, 103
What are the prime factors of 736666?
2, 7, 7517
What are the prime factors of 1458143?
461, 3163
List the prime factors of 1206434.
2, 603217
List the prime factors of 74448.
2, 3, 11, 47
What are the prime factors of 2728341?
3, 7, 11, 31, 127
List the prime factors of 5057762.
2, 19, 167, 797
What are the prime factors of 30638?
2, 15319
What are the prime factors of 3471525?
3, 5, 37, 139
List the prime factors of 126079.
126079
What are the prime factors of 519578?
2, 71, 3659
List the prime factors of 11326597.
11326597
List the prime factors of 523366.
2, 151, 1733
List the prime factors of 591022.
2, 17, 17383
List the prime factors of 839561.
47, 17863
List the prime factors of 965289.
3, 13, 53, 467
List the prime factors of 2260128.
2, 3, 13, 1811
What are the prime factors of 263296?
2, 11, 17
What are the prime factors of 1537871?
17, 61, 1483
List the prime factors of 9946041.
3, 7, 397, 1193
What are the prime factors of 2768296?
2, 53, 6529
What are the prime factors of 4753032?
2, 3, 198043
What are the prime factors of 30496661?
13, 29, 41, 1973
List the prime factors of 28681182.
2, 3, 531133
What are the prime factors of 293535?
3, 5, 11, 593
List the prime factors of 273163.
11, 19, 1307
List the prime factors of 4664005.
5, 932801
What are the prime factors of 1409276?
2, 11, 32029
List the prime factors of 280780.
2, 5, 101, 139
What are the prime factors of 1984946?
2, 23, 43151
What are the prime factors of 10069477?
11, 41, 83, 269
List the prime factors of 1096836.
2, 3, 13, 79, 89
List the prime factors of 20193550.
2, 5, 13, 47, 661
List the prime factors of 12714180.
2, 3, 5, 29, 7307
List the prime factors of 9036329.
9036329
List the prime factors of 2065464.
2, 3, 28687
What are the prime factors of 38978?
2, 19489
What are the prime factors of 721532?
2, 7, 73, 353
What are the prime factors of 7751116?
2, 17, 31, 3677
List the prime factors of 8071847.
7, 53, 21757
What are the prime factors of 5235809?
43, 121763
What are the prime factors of 465582?
2, 3, 13, 47, 127
List the prime factors of 131342.
2, 17, 3863
List the prime factors of 307127.
419, 733
List the prime factors of 300488.
2, 37561
What are the prime factors of 1432043?
47, 30469
List the prime factors of 3935823.
3, 17, 229, 337
What are the prime factors of 879722?
2, 439861
List the prime factors of 1604806.
2, 7, 79, 1451
List the prime factors of 498411.
3, 79, 701
List the prime factors of 4577573.
7, 11, 13, 17, 269
What are the prime factors of 30629218?
2, 109, 1289
What are the prime factors of 468749?
19, 24671
What are the prime factors of 6067719?
3, 7, 13759
What are the prime factors of 2524054?
2, 13, 193, 503
What are the prime factors of 166144?
2, 11, 59
What are the prime factors of 924711?
3, 19, 16223
List the prime factors of 194827.
194827
List the prime factors of 182076.
2, 3, 15173
List the prime factors of 301250.
2, 5, 241
What are the prime factors of 5948723?
11, 211, 233
List the prime factors of 1505435.
5, 17, 89, 199
List the prime factors of 545501.
11, 101, 491
What are the prime factors of 1583272?
2, 197909
What are the prime factors of 892020?
2, 3, 5, 14867
What are the prime factors of 141730?
2, 5, 14173
What are the prime factors of 10364990?
2, 5, 1036499
What are the prime factors of 82818?
2, 3, 43, 107
What are the prime factors of 13873748?
2, 7, 495491
List the prime factors of 1015921.
59, 67, 257
What are the prime factors of 468061?
11, 17, 2503
List the prime factors of 5373412.
2, 11, 97, 1259
What are the prime factors of 97982?
2, 48991
What are the prime factors of 10651289?
11, 968299
What are the prime factors of 550618?
2, 275309
List the prime factors of 6370119.
3, 7, 101113
List the prime factors of 2323909.
7, 19, 101, 173
What are the prime factors of 82106?
2, 61, 673
List the prime factors of 22383706.
2, 61, 183473
List the prime factors of 1237257.
3, 7, 41, 479
What are the prime factors of 3678151?
41, 283, 317
What are the prime factors of 265586?
2, 37, 97
What are the prime factors of 210771?
3, 11, 2129
List the prime factors of 1127607.
3, 13, 29, 997
List the prime factors of 53580.
2, 3, 5, 19, 47
What are the prime factors of 6714033?
3, 2238011
List the prime factors of 120962.
2, 31, 1951
What are the prime factors of 795076?
2, 198769
What are the prime factors of 378300?
2, 3, 5, 13, 97
List the prime factors of 251746.
2, 11, 11443
What are the prime factors of 8828057?
7, 47, 26833
List the prime factors of 27893999.
7, 97, 41081
List the prime factors of 367658.
2, 183829
List the prime factors of 1674569.
13, 128813
What are the prime factors of 15328983?
3, 5109661
List the prime factors of 7631557.
127, 60091
List the prime factors of 2683883.
19, 141257
What are the prime factors of 152327?
7, 47, 463
What are the prime factors of 246286?
2, 123143
List the prime factors of 254571.
3, 84857
What are the prime factors of 251198?
2, 29, 61, 71
What are the prime factors of 123456?
2, 3, 643
List the prime factors of 734808.
2, 3, 17, 1801
What are the prime factors of 45682?
2, 7, 13, 251
List the prime factors of 9156199.
13, 29, 149, 163
List the prime factors of 12332432.
2, 7, 149, 739
What are the prime factors of 10194216?
2, 3, 233, 1823
List the prime factors of 166411.
7, 23773
What are the prime factors of 7248819?
3, 2416273
List the prime factors of 1927606.
2, 127, 7589
What are the prime factors of 17136972?
2, 3, 476027
List the prime factors of 3138259.
137, 22907
List the prime factors of 369730.
2, 5, 36973
What are the prime factors of 48828?
2, 3, 13, 313
List the prime factors of 1146700.
2, 5, 11467
List the prime factors of 168161.
7, 24023
What are the prime factors of 4502575?
5, 7, 11, 2339
What are the prime factors of 29333?
29333
What are the prime factors of 1374671?
17, 80863
What are the prime factors of 749846?
2, 23, 16301
List the prime factors of 6528368.
2, 7, 11, 757
List the prime factors of 72186.
2, 3, 53, 227
List the prime factors of 308532.
2, 3, 7, 3673
What are the prime factors of 655424?
2, 7, 11, 19
What are the prime factors of 697679?
751, 929
What are the prime factors of 3760626?
2, 3, 626771
List the prime factors of 2494081.
2494081
What are the prime factors of 225675?
3, 5, 17, 59
What are the prime factors of 721229?
721229
List the prime factors of 11889029.
1381, 8609
List the prime factors of 1457193.
3, 485731
What are the prime factors of 788951?
37, 21323
What are the prime factors of 103998?
2, 3, 17333
List the prime factors of 227325.
3, 5,